{"id":132430,"date":"2015-10-28T17:01:12","date_gmt":"2015-10-28T16:01:12","guid":{"rendered":"http:\/\/www.xclean.at\/portal\/?post_type=product&#038;p=132430"},"modified":"2018-02-19T12:24:55","modified_gmt":"2018-02-19T11:24:55","slug":"ph-regulator-alkalisch-ph-plus","status":"publish","type":"product","link":"https:\/\/www.xclean.at\/portal\/produkt\/ph-regulator-alkalisch-ph-plus\/","title":{"rendered":"ph Regulator alkalisch [ph-PLUS]"},"content":{"rendered":"<p>Fl\u00fcssiges, hochalkalisches Neutralisationsmittel. Manuell oder \u00fcber Dosiersystem zur Optimierung des pH-Wertes in Brauch- und Abw\u00e4ssern anwendbar. pH-Regulator erh\u00f6ht den pH-Wert beim Einsatz saurer Flockungs- und F\u00e4llungsmittel. pH-Regulator ist einsetzbar bei allen Wasserh\u00e4rten und beschleunigt den Sedimentationsvorgang beim Einsatz von Flockungsmitteln. Besonders bei Wasseraufbereitungsanlagen mit Flockungsmitteleinsatz sollte, falls notwendig, ein pH-Wert von 8 bis 9 eingestellt werden, um eine optimale Flockung zu gew\u00e4hrleisten..<\/p>\n","protected":false},"excerpt":{"rendered":"<p>Aqua Flock ist ein hochwirksames Flockungsmittel f\u00fcr Brauchwasser.<\/p>\n","protected":false},"featured_media":132432,"comment_status":"open","ping_status":"closed","template":"","meta":{"_exactmetrics_skip_tracking":false,"_exactmetrics_sitenote_active":false,"_exactmetrics_sitenote_note":"","_exactmetrics_sitenote_category":0},"product_brand":[],"product_cat":[323],"product_tag":[],"class_list":{"0":"post-132430","1":"product","2":"type-product","3":"status-publish","4":"has-post-thumbnail","6":"product_cat-wasseraufbereitung","8":"first","9":"instock","10":"shipping-taxable","11":"purchasable","12":"product-type-simple"},"_links":{"self":[{"href":"https:\/\/www.xclean.at\/portal\/wp-json\/wp\/v2\/product\/132430"}],"collection":[{"href":"https:\/\/www.xclean.at\/portal\/wp-json\/wp\/v2\/product"}],"about":[{"href":"https:\/\/www.xclean.at\/portal\/wp-json\/wp\/v2\/types\/product"}],"replies":[{"embeddable":true,"href":"https:\/\/www.xclean.at\/portal\/wp-json\/wp\/v2\/comments?post=132430"}],"wp:featuredmedia":[{"embeddable":true,"href":"https:\/\/www.xclean.at\/portal\/wp-json\/wp\/v2\/media\/132432"}],"wp:attachment":[{"href":"https:\/\/www.xclean.at\/portal\/wp-json\/wp\/v2\/media?parent=132430"}],"wp:term":[{"taxonomy":"product_brand","embeddable":true,"href":"https:\/\/www.xclean.at\/portal\/wp-json\/wp\/v2\/product_brand?post=132430"},{"taxonomy":"product_cat","embeddable":true,"href":"https:\/\/www.xclean.at\/portal\/wp-json\/wp\/v2\/product_cat?post=132430"},{"taxonomy":"product_tag","embeddable":true,"href":"https:\/\/www.xclean.at\/portal\/wp-json\/wp\/v2\/product_tag?post=132430"}],"curies":[{"name":"wp","href":"https:\/\/api.w.org\/{rel}","templated":true}]}}