{"id":132799,"date":"2016-03-01T07:06:14","date_gmt":"2016-03-01T06:06:14","guid":{"rendered":"http:\/\/www.xclean.at\/portal\/?post_type=product&#038;p=132799"},"modified":"2021-01-29T11:33:05","modified_gmt":"2021-01-29T10:33:05","slug":"finisher-kalkex-exterieur","status":"publish","type":"product","link":"https:\/\/www.xclean.at\/portal\/produkt\/finisher-kalkex-exterieur\/","title":{"rendered":"Finisher Kalkex Exterieur"},"content":{"rendered":"<p>Schnelle Allroundpflege aussen f\u00fcr Lack, Glas und Kunststoff. Mit Antikalk-Formel werden auch hartn\u00e4ckige Kalkflecken schnell und r\u00fcckstandfrei entfernt. Reinigt, pflegt und konserviert schnell in nur einem Arbeitsgang. Bringt einen schlierenfreien Tiefenglanz. Mit EASY-TO-CLEAN Effekt gegen schnelle Wiederverschmutzung.<\/p>\n","protected":false},"excerpt":{"rendered":"<p>Schnelle Allroundpflege aussen. Mit Antikalk-Formel.\u00a0Reinigt, pflegt und konserviert. Mit EASY-TO-CLEAN Effekt.<\/p>\n","protected":false},"featured_media":133212,"comment_status":"open","ping_status":"closed","template":"","meta":{"_exactmetrics_skip_tracking":false,"_exactmetrics_sitenote_active":false,"_exactmetrics_sitenote_note":"","_exactmetrics_sitenote_category":0},"product_brand":[],"product_cat":[47],"product_tag":[],"class_list":{"0":"post-132799","1":"product","2":"type-product","3":"status-publish","4":"has-post-thumbnail","6":"product_cat-lackaufbereitung","8":"first","9":"instock","10":"shipping-taxable","11":"purchasable","12":"product-type-variable"},"_links":{"self":[{"href":"https:\/\/www.xclean.at\/portal\/wp-json\/wp\/v2\/product\/132799"}],"collection":[{"href":"https:\/\/www.xclean.at\/portal\/wp-json\/wp\/v2\/product"}],"about":[{"href":"https:\/\/www.xclean.at\/portal\/wp-json\/wp\/v2\/types\/product"}],"replies":[{"embeddable":true,"href":"https:\/\/www.xclean.at\/portal\/wp-json\/wp\/v2\/comments?post=132799"}],"wp:featuredmedia":[{"embeddable":true,"href":"https:\/\/www.xclean.at\/portal\/wp-json\/wp\/v2\/media\/133212"}],"wp:attachment":[{"href":"https:\/\/www.xclean.at\/portal\/wp-json\/wp\/v2\/media?parent=132799"}],"wp:term":[{"taxonomy":"product_brand","embeddable":true,"href":"https:\/\/www.xclean.at\/portal\/wp-json\/wp\/v2\/product_brand?post=132799"},{"taxonomy":"product_cat","embeddable":true,"href":"https:\/\/www.xclean.at\/portal\/wp-json\/wp\/v2\/product_cat?post=132799"},{"taxonomy":"product_tag","embeddable":true,"href":"https:\/\/www.xclean.at\/portal\/wp-json\/wp\/v2\/product_tag?post=132799"}],"curies":[{"name":"wp","href":"https:\/\/api.w.org\/{rel}","templated":true}]}}