{"id":133229,"date":"2020-01-08T11:12:58","date_gmt":"2020-01-08T10:12:58","guid":{"rendered":"https:\/\/www.xclean.at\/portal\/?post_type=product&#038;p=133229"},"modified":"2020-01-08T11:15:32","modified_gmt":"2020-01-08T10:15:32","slug":"waschhandschuh-soft-touch-dual","status":"publish","type":"product","link":"https:\/\/www.xclean.at\/portal\/produkt\/waschhandschuh-soft-touch-dual\/","title":{"rendered":"Waschhandschuh SOFT TOUCH DUAL"},"content":{"rendered":"<p>Aus hochwertiger und funktionaler Mikrofaser, beidseitig utra soft und flauschig mit Handmanschette. Dicht gewebte Mikrofasern sorgen f\u00fcr hohes Fl\u00e4chengewicht, 100%ig kratz-und fusselfrei, \u00e4u\u00dferst lackschonend. Optimal aussp\u00fclbar, mit der Maschine waschbar. Gutes Handling.<\/p>\n","protected":false},"excerpt":{"rendered":"<p>Aus hochwertiger und funktionaler Mikrofaser, beidseitig utra soft und flauschig mit Handmanschette. Dicht gewebte Mikrofasern sorgen f\u00fcr hohes Fl\u00e4chengewicht, 100%ig kratz-und fusselfrei, \u00e4u\u00dferst lackschonend. Optimal aussp\u00fclbar, mit der Maschine waschbar. Gutes Handling.<\/p>\n","protected":false},"featured_media":133231,"comment_status":"open","ping_status":"closed","template":"","meta":{"_exactmetrics_skip_tracking":false,"_exactmetrics_sitenote_active":false,"_exactmetrics_sitenote_note":"","_exactmetrics_sitenote_category":0},"product_brand":[],"product_cat":[59,54],"product_tag":[],"class_list":{"0":"post-133229","1":"product","2":"type-product","3":"status-publish","4":"has-post-thumbnail","6":"product_cat-wischtuecher-papier","7":"product_cat-waschhilfsmittel-tuecher","9":"first","10":"instock","11":"shipping-taxable","12":"purchasable","13":"product-type-simple"},"_links":{"self":[{"href":"https:\/\/www.xclean.at\/portal\/wp-json\/wp\/v2\/product\/133229"}],"collection":[{"href":"https:\/\/www.xclean.at\/portal\/wp-json\/wp\/v2\/product"}],"about":[{"href":"https:\/\/www.xclean.at\/portal\/wp-json\/wp\/v2\/types\/product"}],"replies":[{"embeddable":true,"href":"https:\/\/www.xclean.at\/portal\/wp-json\/wp\/v2\/comments?post=133229"}],"wp:featuredmedia":[{"embeddable":true,"href":"https:\/\/www.xclean.at\/portal\/wp-json\/wp\/v2\/media\/133231"}],"wp:attachment":[{"href":"https:\/\/www.xclean.at\/portal\/wp-json\/wp\/v2\/media?parent=133229"}],"wp:term":[{"taxonomy":"product_brand","embeddable":true,"href":"https:\/\/www.xclean.at\/portal\/wp-json\/wp\/v2\/product_brand?post=133229"},{"taxonomy":"product_cat","embeddable":true,"href":"https:\/\/www.xclean.at\/portal\/wp-json\/wp\/v2\/product_cat?post=133229"},{"taxonomy":"product_tag","embeddable":true,"href":"https:\/\/www.xclean.at\/portal\/wp-json\/wp\/v2\/product_tag?post=133229"}],"curies":[{"name":"wp","href":"https:\/\/api.w.org\/{rel}","templated":true}]}}