{"id":133688,"date":"2021-01-29T08:10:19","date_gmt":"2021-01-29T07:10:19","guid":{"rendered":"https:\/\/www.xclean.at\/portal\/?post_type=product&#038;p=133688"},"modified":"2021-02-01T15:52:23","modified_gmt":"2021-02-01T14:52:23","slug":"air-fresh","status":"publish","type":"product","link":"https:\/\/www.xclean.at\/portal\/produkt\/air-fresh\/","title":{"rendered":"Air Fresh"},"content":{"rendered":"<p>Beduftungskonzentrat mit AIR-TECH-Technologie &#8211; schlechte Ger\u00fcche werden effektiv neutralisiert, die Duftnote sorgt f\u00fcr einen angenehmen Geruch. Entfernt Ger\u00fcche wie Tierausd\u00fcnstungen, Zigarettenrauch uvm. Anwendbar im Autoinnenraum, bei Textilien wie Polster, Stoffe, Schuhe, Teppiche, Gardinen, Kleider etc. Die neutralisierenden Wirkstoffe sind auf pflanzlicher Basis und binden tiefenwirksam schlechte Ger\u00fcche. F\u00fcr den Gebrauch in maschinellen Spr\u00fchger\u00e4ten die Dosierung des Herstellers beachten.<\/p>\n<p>Duftvariationen: New Car | Magic Moment | Lemon | Mango Papaya | Tropical Seson | Vanille |<\/p>\n","protected":false},"excerpt":{"rendered":"<p>Mit AIR-TECH-Technologie &#8211; schlechte Ger\u00fcche werden effektiv neutralisiert, die Duftnote sorgt f\u00fcr einen angenehmen Geruch. Entfernt Ger\u00fcche wie Tierausd\u00fcnstungen, Zigarettenrauch uvm. Anwendbar im Autoinnenraum, bei Textilien wie Polster, Stoffe, Schuhe, Teppiche, Gardinen, Kleider etc. Duftvariationen: New Car | Magic Moment | Lemon | Mango Papaya | Tropical Seson | Vanille.\u00a0F\u00fcr den Gebrauch in maschinellen Spr\u00fchger\u00e4ten die Dosierung des Herstellers beachten.<\/p>\n","protected":false},"featured_media":133691,"comment_status":"open","ping_status":"closed","template":"","meta":{"_exactmetrics_skip_tracking":false,"_exactmetrics_sitenote_active":false,"_exactmetrics_sitenote_note":"","_exactmetrics_sitenote_category":0},"product_brand":[],"product_cat":[45,130],"product_tag":[],"class_list":{"0":"post-133688","1":"product","2":"type-product","3":"status-publish","4":"has-post-thumbnail","6":"product_cat-innenreinigung-fahrzeugaufbereitung","7":"product_cat-autoparfum","9":"first","10":"instock","11":"shipping-taxable","12":"purchasable","13":"product-type-variable"},"_links":{"self":[{"href":"https:\/\/www.xclean.at\/portal\/wp-json\/wp\/v2\/product\/133688"}],"collection":[{"href":"https:\/\/www.xclean.at\/portal\/wp-json\/wp\/v2\/product"}],"about":[{"href":"https:\/\/www.xclean.at\/portal\/wp-json\/wp\/v2\/types\/product"}],"replies":[{"embeddable":true,"href":"https:\/\/www.xclean.at\/portal\/wp-json\/wp\/v2\/comments?post=133688"}],"wp:featuredmedia":[{"embeddable":true,"href":"https:\/\/www.xclean.at\/portal\/wp-json\/wp\/v2\/media\/133691"}],"wp:attachment":[{"href":"https:\/\/www.xclean.at\/portal\/wp-json\/wp\/v2\/media?parent=133688"}],"wp:term":[{"taxonomy":"product_brand","embeddable":true,"href":"https:\/\/www.xclean.at\/portal\/wp-json\/wp\/v2\/product_brand?post=133688"},{"taxonomy":"product_cat","embeddable":true,"href":"https:\/\/www.xclean.at\/portal\/wp-json\/wp\/v2\/product_cat?post=133688"},{"taxonomy":"product_tag","embeddable":true,"href":"https:\/\/www.xclean.at\/portal\/wp-json\/wp\/v2\/product_tag?post=133688"}],"curies":[{"name":"wp","href":"https:\/\/api.w.org\/{rel}","templated":true}]}}