{"id":20764,"date":"2015-11-02T19:00:53","date_gmt":"2015-11-02T18:00:53","guid":{"rendered":"http:\/\/www.xclean.at\/portal\/?post_type=product&#038;p=20764"},"modified":"2018-02-19T14:00:11","modified_gmt":"2018-02-19T13:00:11","slug":"perlglanz-trockner","status":"publish","type":"product","link":"https:\/\/www.xclean.at\/portal\/produkt\/perlglanz-trockner\/","title":{"rendered":"Perlglanz Trockner"},"content":{"rendered":"<p>Perlglanz Trockner ist eine Spezialtrocknungshilfe mit wirtschaftlichem Verbrauch f\u00fcr Portalanlagen, Waschstra\u00dfen und SB-Waschpl\u00e4tze. Durch hochwertige Rohstoffe wird eine mikroperlenfreie Trocknung mit innovativer Glanzgebung gew\u00e4hrleistet. Die Lackoberfl\u00e4che wird durch die ausgew\u00e4hlten Pflegekomponenten versiegelt und so vor \u00e4u\u00dferen Witterungseinfl\u00fcssen gesch\u00fctzt. F\u00fcr jedes B\u00fcrstenmaterial geeignet. Unterst\u00fctzt eine perfekte Tiefenglanzwirkung. Hervorragend einsetzbar in Recyclinganlagen.<\/p>\n","protected":false},"excerpt":{"rendered":"<p>Perlglanz Trockner ist eine Spezialtrocknungshilfe mit wirtschaftlichem Verbrauch f\u00fcr Portalanlagen, Waschstra\u00dfen und SB-Waschpl\u00e4tze.<\/p>\n","protected":false},"featured_media":20767,"comment_status":"open","ping_status":"closed","template":"","meta":{"_exactmetrics_skip_tracking":false,"_exactmetrics_sitenote_active":false,"_exactmetrics_sitenote_note":"","_exactmetrics_sitenote_category":0},"product_brand":[],"product_cat":[39],"product_tag":[],"class_list":{"0":"post-20764","1":"product","2":"type-product","3":"status-publish","4":"has-post-thumbnail","6":"product_cat-trocknung-waxe-polish","8":"first","9":"instock","10":"shipping-taxable","11":"purchasable","12":"product-type-simple"},"_links":{"self":[{"href":"https:\/\/www.xclean.at\/portal\/wp-json\/wp\/v2\/product\/20764"}],"collection":[{"href":"https:\/\/www.xclean.at\/portal\/wp-json\/wp\/v2\/product"}],"about":[{"href":"https:\/\/www.xclean.at\/portal\/wp-json\/wp\/v2\/types\/product"}],"replies":[{"embeddable":true,"href":"https:\/\/www.xclean.at\/portal\/wp-json\/wp\/v2\/comments?post=20764"}],"wp:featuredmedia":[{"embeddable":true,"href":"https:\/\/www.xclean.at\/portal\/wp-json\/wp\/v2\/media\/20767"}],"wp:attachment":[{"href":"https:\/\/www.xclean.at\/portal\/wp-json\/wp\/v2\/media?parent=20764"}],"wp:term":[{"taxonomy":"product_brand","embeddable":true,"href":"https:\/\/www.xclean.at\/portal\/wp-json\/wp\/v2\/product_brand?post=20764"},{"taxonomy":"product_cat","embeddable":true,"href":"https:\/\/www.xclean.at\/portal\/wp-json\/wp\/v2\/product_cat?post=20764"},{"taxonomy":"product_tag","embeddable":true,"href":"https:\/\/www.xclean.at\/portal\/wp-json\/wp\/v2\/product_tag?post=20764"}],"curies":[{"name":"wp","href":"https:\/\/api.w.org\/{rel}","templated":true}]}}