{"id":20792,"date":"2015-10-30T17:07:30","date_gmt":"2015-10-30T16:07:30","guid":{"rendered":"http:\/\/www.xclean.at\/portal\/?post_type=product&#038;p=20792"},"modified":"2016-10-10T15:04:59","modified_gmt":"2016-10-10T13:04:59","slug":"betox-33","status":"publish","type":"product","link":"https:\/\/www.xclean.at\/portal\/produkt\/betox-33\/","title":{"rendered":"Betox 33"},"content":{"rendered":"<p>Betox 33 entfernt Kalk- und Zementschleier von Fertigbetonlieferfahrzeugen, Betonformen, etc. Betox 33 ist hervorragend zur Beton- und Zementschleierentfernung geeignet! Entfernt mineralische Ablagerungen, Rost, sowie Algen von Eisen- und Kesselanlagen und Springbrunnen. Entkalkt gr\u00fcndlich K\u00fchlsysteme, Leitungen, K\u00fchlschlangen, sanit\u00e4re Anlagen und Ger\u00e4te. Er beseitigt Urinstein aus Urinalen und Toiletten<\/p>\n","protected":false},"excerpt":{"rendered":"<p>Betox 33 entfernt Kalk- und Zementschleier von Fertigbetonlieferfahrzeugen, Betonformen, etc.<\/p>\n","protected":false},"featured_media":20793,"comment_status":"open","ping_status":"closed","template":"","meta":{"_exactmetrics_skip_tracking":false,"_exactmetrics_sitenote_active":false,"_exactmetrics_sitenote_note":"","_exactmetrics_sitenote_category":0},"product_brand":[],"product_cat":[41],"product_tag":[],"class_list":{"0":"post-20792","1":"product","2":"type-product","3":"status-publish","4":"has-post-thumbnail","6":"product_cat-hallenreinigung","8":"first","9":"instock","10":"shipping-taxable","11":"purchasable","12":"product-type-variable"},"_links":{"self":[{"href":"https:\/\/www.xclean.at\/portal\/wp-json\/wp\/v2\/product\/20792"}],"collection":[{"href":"https:\/\/www.xclean.at\/portal\/wp-json\/wp\/v2\/product"}],"about":[{"href":"https:\/\/www.xclean.at\/portal\/wp-json\/wp\/v2\/types\/product"}],"replies":[{"embeddable":true,"href":"https:\/\/www.xclean.at\/portal\/wp-json\/wp\/v2\/comments?post=20792"}],"wp:featuredmedia":[{"embeddable":true,"href":"https:\/\/www.xclean.at\/portal\/wp-json\/wp\/v2\/media\/20793"}],"wp:attachment":[{"href":"https:\/\/www.xclean.at\/portal\/wp-json\/wp\/v2\/media?parent=20792"}],"wp:term":[{"taxonomy":"product_brand","embeddable":true,"href":"https:\/\/www.xclean.at\/portal\/wp-json\/wp\/v2\/product_brand?post=20792"},{"taxonomy":"product_cat","embeddable":true,"href":"https:\/\/www.xclean.at\/portal\/wp-json\/wp\/v2\/product_cat?post=20792"},{"taxonomy":"product_tag","embeddable":true,"href":"https:\/\/www.xclean.at\/portal\/wp-json\/wp\/v2\/product_tag?post=20792"}],"curies":[{"name":"wp","href":"https:\/\/api.w.org\/{rel}","templated":true}]}}