{"id":20864,"date":"2015-11-02T05:56:38","date_gmt":"2015-11-02T04:56:38","guid":{"rendered":"http:\/\/www.xclean.at\/portal\/?post_type=product&#038;p=20864"},"modified":"2015-11-16T08:00:49","modified_gmt":"2015-11-16T07:00:49","slug":"kaltreiniger-f-70","status":"publish","type":"product","link":"https:\/\/www.xclean.at\/portal\/produkt\/kaltreiniger-f-70\/","title":{"rendered":"Kaltreiniger F 70"},"content":{"rendered":"<p>L\u00f6semittelhaltiger Entfetter. Entfernt leicht und schnell \u00d6l, Fett und Schmutz restlos. Die behandelten Teile sind absolut frei von R\u00fcckst\u00e4nden und vollst\u00e4ndig entfettet. L\u00f6st harz-, \u00f6l- und fettartige R\u00fcckst\u00e4nde. Gutes Eindringverm\u00f6gen, kontrollierte und r\u00fcckstandsfreie Verdunstung. Universalreiniger zur Reinigung und Entfettung von Kleinbauteilen im Kfz- und Industriebereich wie Bremsen, Kupplungen, Getrieben sowie Montageund Reparaturarbeiten. Entfernt \u00d6l- und Fettflecken aus Bodenbel\u00e4gen, Stoffen und Verkleidungen.<\/p>\n","protected":false},"excerpt":{"rendered":"<p>L\u00f6semittelhaltiger Entfetter. Entfernt leicht und schnell \u00d6l, Fett und Schmutz restlos.<\/p>\n","protected":false},"featured_media":20865,"comment_status":"open","ping_status":"closed","template":"","meta":{"_exactmetrics_skip_tracking":false,"_exactmetrics_sitenote_active":false,"_exactmetrics_sitenote_note":"","_exactmetrics_sitenote_category":0},"product_brand":[],"product_cat":[43],"product_tag":[],"class_list":{"0":"post-20864","1":"product","2":"type-product","3":"status-publish","4":"has-post-thumbnail","6":"product_cat-spezial-reiniger","8":"first","9":"instock","10":"shipping-taxable","11":"purchasable","12":"product-type-simple"},"_links":{"self":[{"href":"https:\/\/www.xclean.at\/portal\/wp-json\/wp\/v2\/product\/20864"}],"collection":[{"href":"https:\/\/www.xclean.at\/portal\/wp-json\/wp\/v2\/product"}],"about":[{"href":"https:\/\/www.xclean.at\/portal\/wp-json\/wp\/v2\/types\/product"}],"replies":[{"embeddable":true,"href":"https:\/\/www.xclean.at\/portal\/wp-json\/wp\/v2\/comments?post=20864"}],"wp:featuredmedia":[{"embeddable":true,"href":"https:\/\/www.xclean.at\/portal\/wp-json\/wp\/v2\/media\/20865"}],"wp:attachment":[{"href":"https:\/\/www.xclean.at\/portal\/wp-json\/wp\/v2\/media?parent=20864"}],"wp:term":[{"taxonomy":"product_brand","embeddable":true,"href":"https:\/\/www.xclean.at\/portal\/wp-json\/wp\/v2\/product_brand?post=20864"},{"taxonomy":"product_cat","embeddable":true,"href":"https:\/\/www.xclean.at\/portal\/wp-json\/wp\/v2\/product_cat?post=20864"},{"taxonomy":"product_tag","embeddable":true,"href":"https:\/\/www.xclean.at\/portal\/wp-json\/wp\/v2\/product_tag?post=20864"}],"curies":[{"name":"wp","href":"https:\/\/api.w.org\/{rel}","templated":true}]}}