{"id":20920,"date":"2015-11-02T07:26:37","date_gmt":"2015-11-02T06:26:37","guid":{"rendered":"http:\/\/www.xclean.at\/portal\/?post_type=product&#038;p=20920"},"modified":"2016-10-10T15:20:10","modified_gmt":"2016-10-10T13:20:10","slug":"scheibenreiniger","status":"publish","type":"product","link":"https:\/\/www.xclean.at\/portal\/produkt\/scheibenreiniger\/","title":{"rendered":"Scheibenreiniger"},"content":{"rendered":"<p>Konzentrierter Glas-, Fenster- und Spiegelreiniger f\u00fcr Auto, Haushalt und Industrie. Entfernt m\u00fchelos Schmutz, \u00d6l, Fett, Wachs, Silikon, Nikotinablagerungen und Pigmentschmutz. Auch zur Reinigung von Keramik, Kunststoff, Fliesen und lackierten Fl\u00e4chen geeignet. Der Scheibenreiniger arbeitet streifenfrei und hinterl\u00e4sst einen hervorragenden Glanz.<\/p>\n","protected":false},"excerpt":{"rendered":"<p>Konzentrierter Glas-, Fenster- und Spiegelreiniger f\u00fcr Auto, Haushalt und Industrie.<\/p>\n","protected":false},"featured_media":20921,"comment_status":"open","ping_status":"closed","template":"","meta":{"_exactmetrics_skip_tracking":false,"_exactmetrics_sitenote_active":false,"_exactmetrics_sitenote_note":"","_exactmetrics_sitenote_category":0},"product_brand":[],"product_cat":[46],"product_tag":[],"class_list":{"0":"post-20920","1":"product","2":"type-product","3":"status-publish","4":"has-post-thumbnail","6":"product_cat-kunststoff-glasreiniger","8":"first","9":"instock","10":"shipping-taxable","11":"purchasable","12":"product-type-variable"},"_links":{"self":[{"href":"https:\/\/www.xclean.at\/portal\/wp-json\/wp\/v2\/product\/20920"}],"collection":[{"href":"https:\/\/www.xclean.at\/portal\/wp-json\/wp\/v2\/product"}],"about":[{"href":"https:\/\/www.xclean.at\/portal\/wp-json\/wp\/v2\/types\/product"}],"replies":[{"embeddable":true,"href":"https:\/\/www.xclean.at\/portal\/wp-json\/wp\/v2\/comments?post=20920"}],"wp:featuredmedia":[{"embeddable":true,"href":"https:\/\/www.xclean.at\/portal\/wp-json\/wp\/v2\/media\/20921"}],"wp:attachment":[{"href":"https:\/\/www.xclean.at\/portal\/wp-json\/wp\/v2\/media?parent=20920"}],"wp:term":[{"taxonomy":"product_brand","embeddable":true,"href":"https:\/\/www.xclean.at\/portal\/wp-json\/wp\/v2\/product_brand?post=20920"},{"taxonomy":"product_cat","embeddable":true,"href":"https:\/\/www.xclean.at\/portal\/wp-json\/wp\/v2\/product_cat?post=20920"},{"taxonomy":"product_tag","embeddable":true,"href":"https:\/\/www.xclean.at\/portal\/wp-json\/wp\/v2\/product_tag?post=20920"}],"curies":[{"name":"wp","href":"https:\/\/api.w.org\/{rel}","templated":true}]}}