{"id":20928,"date":"2017-03-02T08:32:32","date_gmt":"2017-03-02T07:32:32","guid":{"rendered":"http:\/\/www.xclean.at\/portal\/?post_type=product&#038;p=20928"},"modified":"2019-10-31T07:48:35","modified_gmt":"2019-10-31T06:48:35","slug":"hochglanzpolish-antihologramm","status":"publish","type":"product","link":"https:\/\/www.xclean.at\/portal\/produkt\/hochglanzpolish-antihologramm\/","title":{"rendered":"Hochglanzpolish ANTIHOLOGRAMM"},"content":{"rendered":"<p>Hochglanz-Polish ist eine siliconfreie Antihologrammpolitur zur Entfernung von Polierschleiern, Hologrammen, Microkratzern und Schlieren mit gleichzeitiger Versiegelung. Sorgt f\u00fcr extrem guten Tiefenglanz. Ist \u00e4u\u00dferst ergiebig, sehr gut zu verarbeiten und leicht abzupolieren. Zum perfekten Ergebnis empfehlen wir X-Clean Spider-Pad medium oder Polier Waffelpad soft. Ideal mit Exzentermaschine einsetzbar. Einfache und leichte Verarbeitung.<\/p>\n","protected":false},"excerpt":{"rendered":"<p>Hochglanz-Polish ist eine siliconfreie Antihologrammpolitur zur Entfernung von Polierschleiern, Hologrammen, Microkratzern und Schlieren mit gleichzeitiger Versiegelung.<\/p>\n","protected":false},"featured_media":132184,"comment_status":"open","ping_status":"closed","template":"","meta":{"_exactmetrics_skip_tracking":false,"_exactmetrics_sitenote_active":false,"_exactmetrics_sitenote_note":"","_exactmetrics_sitenote_category":0},"product_brand":[],"product_cat":[47],"product_tag":[],"class_list":{"0":"post-20928","1":"product","2":"type-product","3":"status-publish","4":"has-post-thumbnail","6":"product_cat-lackaufbereitung","8":"first","9":"instock","10":"featured","11":"shipping-taxable","12":"purchasable","13":"product-type-simple"},"_links":{"self":[{"href":"https:\/\/www.xclean.at\/portal\/wp-json\/wp\/v2\/product\/20928"}],"collection":[{"href":"https:\/\/www.xclean.at\/portal\/wp-json\/wp\/v2\/product"}],"about":[{"href":"https:\/\/www.xclean.at\/portal\/wp-json\/wp\/v2\/types\/product"}],"replies":[{"embeddable":true,"href":"https:\/\/www.xclean.at\/portal\/wp-json\/wp\/v2\/comments?post=20928"}],"wp:featuredmedia":[{"embeddable":true,"href":"https:\/\/www.xclean.at\/portal\/wp-json\/wp\/v2\/media\/132184"}],"wp:attachment":[{"href":"https:\/\/www.xclean.at\/portal\/wp-json\/wp\/v2\/media?parent=20928"}],"wp:term":[{"taxonomy":"product_brand","embeddable":true,"href":"https:\/\/www.xclean.at\/portal\/wp-json\/wp\/v2\/product_brand?post=20928"},{"taxonomy":"product_cat","embeddable":true,"href":"https:\/\/www.xclean.at\/portal\/wp-json\/wp\/v2\/product_cat?post=20928"},{"taxonomy":"product_tag","embeddable":true,"href":"https:\/\/www.xclean.at\/portal\/wp-json\/wp\/v2\/product_tag?post=20928"}],"curies":[{"name":"wp","href":"https:\/\/api.w.org\/{rel}","templated":true}]}}