{"id":20930,"date":"2017-03-01T08:31:00","date_gmt":"2017-03-01T07:31:00","guid":{"rendered":"http:\/\/www.xclean.at\/portal\/?post_type=product&#038;p=20930"},"modified":"2018-02-15T10:34:38","modified_gmt":"2018-02-15T09:34:38","slug":"wax-finish-starglanz","status":"publish","type":"product","link":"https:\/\/www.xclean.at\/portal\/produkt\/wax-finish-starglanz\/","title":{"rendered":"Wax Finish STARGLANZ"},"content":{"rendered":"<p>Moderne PREMIUM- Polymer-Lackschutzversiegelung f\u00fcr extremen Tiefenglanz mit dauerhaft em Langzeitschutz. Die spezielle Polymer-Technology sorgt f\u00fcr eine ausgezeichnete Bindung mit der Lackoberfl\u00e4che und garantiert eine perfekt Oberfl\u00e4chengl\u00e4tte mit extremer Farbintensivit\u00e4t. Perfekter dauerhaft er Schutz gegen Witterungseinfl \u00fcsse. Sehr leichte und m\u00fchelose Verarbeitung.<\/p>\n","protected":false},"excerpt":{"rendered":"<p>Moderne PREMIUM- Polymer-Lackschutzversiegelung f\u00fcr extremen Tiefenglanz mit dauerhaft em Langzeitschutz.<\/p>\n","protected":false},"featured_media":132163,"comment_status":"open","ping_status":"closed","template":"","meta":{"_exactmetrics_skip_tracking":false,"_exactmetrics_sitenote_active":false,"_exactmetrics_sitenote_note":"","_exactmetrics_sitenote_category":0},"product_brand":[],"product_cat":[47],"product_tag":[],"class_list":{"0":"post-20930","1":"product","2":"type-product","3":"status-publish","4":"has-post-thumbnail","6":"product_cat-lackaufbereitung","8":"first","9":"instock","10":"featured","11":"shipping-taxable","12":"purchasable","13":"product-type-simple"},"_links":{"self":[{"href":"https:\/\/www.xclean.at\/portal\/wp-json\/wp\/v2\/product\/20930"}],"collection":[{"href":"https:\/\/www.xclean.at\/portal\/wp-json\/wp\/v2\/product"}],"about":[{"href":"https:\/\/www.xclean.at\/portal\/wp-json\/wp\/v2\/types\/product"}],"replies":[{"embeddable":true,"href":"https:\/\/www.xclean.at\/portal\/wp-json\/wp\/v2\/comments?post=20930"}],"wp:featuredmedia":[{"embeddable":true,"href":"https:\/\/www.xclean.at\/portal\/wp-json\/wp\/v2\/media\/132163"}],"wp:attachment":[{"href":"https:\/\/www.xclean.at\/portal\/wp-json\/wp\/v2\/media?parent=20930"}],"wp:term":[{"taxonomy":"product_brand","embeddable":true,"href":"https:\/\/www.xclean.at\/portal\/wp-json\/wp\/v2\/product_brand?post=20930"},{"taxonomy":"product_cat","embeddable":true,"href":"https:\/\/www.xclean.at\/portal\/wp-json\/wp\/v2\/product_cat?post=20930"},{"taxonomy":"product_tag","embeddable":true,"href":"https:\/\/www.xclean.at\/portal\/wp-json\/wp\/v2\/product_tag?post=20930"}],"curies":[{"name":"wp","href":"https:\/\/api.w.org\/{rel}","templated":true}]}}