{"id":20946,"date":"2015-11-02T08:15:28","date_gmt":"2015-11-02T07:15:28","guid":{"rendered":"http:\/\/www.xclean.at\/portal\/?post_type=product&#038;p=20946"},"modified":"2023-03-22T09:36:51","modified_gmt":"2023-03-22T08:36:51","slug":"waffel-pad-schwarz-weich","status":"publish","type":"product","link":"https:\/\/www.xclean.at\/portal\/produkt\/waffel-pad-schwarz-weich\/","title":{"rendered":"Polier PAD Waffel &#8211; schwarz &#8211; WEICH"},"content":{"rendered":"<p>Rei\u00dffestes, extraweiches Waffelpad f\u00fcr Versiegelungsprodukte. Retikulierter Schaum sorgt f\u00fcr mehr Luftzirkulation und damit f\u00fcr geringere Temperaturen an der Lackoberfl\u00e4che. Ideal auch beim Einsatz mit Exzentermaschinen. Sorgt f\u00fcr gleichm\u00e4ssigen Auftrag und sparsamen Verbrauch. Perfekte Ergebnisse auch bei schwierigen Farbtypen und heiklen Lacke<\/p>\n","protected":false},"excerpt":{"rendered":"<p>Rei\u00dffestes, extraweiches Waffelpad f\u00fcr Versiegelungsprodukte.<\/p>\n","protected":false},"featured_media":132187,"comment_status":"open","ping_status":"closed","template":"","meta":{"_exactmetrics_skip_tracking":false,"_exactmetrics_sitenote_active":false,"_exactmetrics_sitenote_note":"","_exactmetrics_sitenote_category":0},"product_brand":[],"product_cat":[47],"product_tag":[],"class_list":{"0":"post-20946","1":"product","2":"type-product","3":"status-publish","4":"has-post-thumbnail","6":"product_cat-lackaufbereitung","8":"first","9":"instock","10":"shipping-taxable","11":"purchasable","12":"product-type-variable"},"_links":{"self":[{"href":"https:\/\/www.xclean.at\/portal\/wp-json\/wp\/v2\/product\/20946"}],"collection":[{"href":"https:\/\/www.xclean.at\/portal\/wp-json\/wp\/v2\/product"}],"about":[{"href":"https:\/\/www.xclean.at\/portal\/wp-json\/wp\/v2\/types\/product"}],"replies":[{"embeddable":true,"href":"https:\/\/www.xclean.at\/portal\/wp-json\/wp\/v2\/comments?post=20946"}],"wp:featuredmedia":[{"embeddable":true,"href":"https:\/\/www.xclean.at\/portal\/wp-json\/wp\/v2\/media\/132187"}],"wp:attachment":[{"href":"https:\/\/www.xclean.at\/portal\/wp-json\/wp\/v2\/media?parent=20946"}],"wp:term":[{"taxonomy":"product_brand","embeddable":true,"href":"https:\/\/www.xclean.at\/portal\/wp-json\/wp\/v2\/product_brand?post=20946"},{"taxonomy":"product_cat","embeddable":true,"href":"https:\/\/www.xclean.at\/portal\/wp-json\/wp\/v2\/product_cat?post=20946"},{"taxonomy":"product_tag","embeddable":true,"href":"https:\/\/www.xclean.at\/portal\/wp-json\/wp\/v2\/product_tag?post=20946"}],"curies":[{"name":"wp","href":"https:\/\/api.w.org\/{rel}","templated":true}]}}