{"id":20958,"date":"2015-11-02T09:00:51","date_gmt":"2015-11-02T08:00:51","guid":{"rendered":"http:\/\/www.xclean.at\/portal\/?post_type=product&#038;p=20958"},"modified":"2015-11-16T08:29:53","modified_gmt":"2015-11-16T07:29:53","slug":"microfaser-tuch-professional","status":"publish","type":"product","link":"https:\/\/www.xclean.at\/portal\/produkt\/microfaser-tuch-professional\/","title":{"rendered":"Microfaser Tuch PROFESSIONAL"},"content":{"rendered":"<p>Profi -Microfaser-Tuch. Entfernt Polierr\u00fcckst\u00e4nde ohne Microkratzer. Rundvern\u00e4hte Kanten sorgen f\u00fcr schonende Lackpflege. Silikonfrei. Dauerhaft &#8211; fusselfrei.<\/p>\n","protected":false},"excerpt":{"rendered":"<p>Profi -Microfaser-Tuch. Entfernt Polierr\u00fcckst\u00e4nde ohne Microkratzer.<\/p>\n","protected":false},"featured_media":20959,"comment_status":"open","ping_status":"closed","template":"","meta":{"_exactmetrics_skip_tracking":false,"_exactmetrics_sitenote_active":false,"_exactmetrics_sitenote_note":"","_exactmetrics_sitenote_category":0},"product_brand":[],"product_cat":[47],"product_tag":[],"class_list":{"0":"post-20958","1":"product","2":"type-product","3":"status-publish","4":"has-post-thumbnail","6":"product_cat-lackaufbereitung","8":"first","9":"instock","10":"shipping-taxable","11":"purchasable","12":"product-type-simple"},"_links":{"self":[{"href":"https:\/\/www.xclean.at\/portal\/wp-json\/wp\/v2\/product\/20958"}],"collection":[{"href":"https:\/\/www.xclean.at\/portal\/wp-json\/wp\/v2\/product"}],"about":[{"href":"https:\/\/www.xclean.at\/portal\/wp-json\/wp\/v2\/types\/product"}],"replies":[{"embeddable":true,"href":"https:\/\/www.xclean.at\/portal\/wp-json\/wp\/v2\/comments?post=20958"}],"wp:featuredmedia":[{"embeddable":true,"href":"https:\/\/www.xclean.at\/portal\/wp-json\/wp\/v2\/media\/20959"}],"wp:attachment":[{"href":"https:\/\/www.xclean.at\/portal\/wp-json\/wp\/v2\/media?parent=20958"}],"wp:term":[{"taxonomy":"product_brand","embeddable":true,"href":"https:\/\/www.xclean.at\/portal\/wp-json\/wp\/v2\/product_brand?post=20958"},{"taxonomy":"product_cat","embeddable":true,"href":"https:\/\/www.xclean.at\/portal\/wp-json\/wp\/v2\/product_cat?post=20958"},{"taxonomy":"product_tag","embeddable":true,"href":"https:\/\/www.xclean.at\/portal\/wp-json\/wp\/v2\/product_tag?post=20958"}],"curies":[{"name":"wp","href":"https:\/\/api.w.org\/{rel}","templated":true}]}}