{"id":20983,"date":"2015-11-02T17:55:21","date_gmt":"2015-11-02T16:55:21","guid":{"rendered":"http:\/\/www.xclean.at\/portal\/?post_type=product&#038;p=20983"},"modified":"2018-11-26T08:18:10","modified_gmt":"2018-11-26T07:18:10","slug":"autoschwamm-halbrund","status":"publish","type":"product","link":"https:\/\/www.xclean.at\/portal\/produkt\/autoschwamm-halbrund\/","title":{"rendered":"Autoschwamm halbrund"},"content":{"rendered":"<p>Idealer Pflegehelfer, dauerhaft , mit Spezialstruktur zur optimalen Schmutzl\u00f6sung. Unempfindlich gegen schwache S\u00e4uren und Laugen. Kratzfrei, auch f\u00fcr empfindliche Lacke geeignet. Umweltgerecht, enth\u00e4lt kein FCKW.<\/p>\n","protected":false},"excerpt":{"rendered":"<p>Idealer Pflegehelfer, dauerhaft , mit Spezialstruktur zur optimalen Schmutzl\u00f6sung.<\/p>\n","protected":false},"featured_media":20984,"comment_status":"open","ping_status":"closed","template":"","meta":{"_exactmetrics_skip_tracking":false,"_exactmetrics_sitenote_active":false,"_exactmetrics_sitenote_note":"","_exactmetrics_sitenote_category":0},"product_brand":[],"product_cat":[327,59],"product_tag":[],"class_list":{"0":"post-20983","1":"product","2":"type-product","3":"status-publish","4":"has-post-thumbnail","6":"product_cat-techn-zubehoer","7":"product_cat-wischtuecher-papier","9":"first","10":"instock","11":"shipping-taxable","12":"purchasable","13":"product-type-simple"},"_links":{"self":[{"href":"https:\/\/www.xclean.at\/portal\/wp-json\/wp\/v2\/product\/20983"}],"collection":[{"href":"https:\/\/www.xclean.at\/portal\/wp-json\/wp\/v2\/product"}],"about":[{"href":"https:\/\/www.xclean.at\/portal\/wp-json\/wp\/v2\/types\/product"}],"replies":[{"embeddable":true,"href":"https:\/\/www.xclean.at\/portal\/wp-json\/wp\/v2\/comments?post=20983"}],"wp:featuredmedia":[{"embeddable":true,"href":"https:\/\/www.xclean.at\/portal\/wp-json\/wp\/v2\/media\/20984"}],"wp:attachment":[{"href":"https:\/\/www.xclean.at\/portal\/wp-json\/wp\/v2\/media?parent=20983"}],"wp:term":[{"taxonomy":"product_brand","embeddable":true,"href":"https:\/\/www.xclean.at\/portal\/wp-json\/wp\/v2\/product_brand?post=20983"},{"taxonomy":"product_cat","embeddable":true,"href":"https:\/\/www.xclean.at\/portal\/wp-json\/wp\/v2\/product_cat?post=20983"},{"taxonomy":"product_tag","embeddable":true,"href":"https:\/\/www.xclean.at\/portal\/wp-json\/wp\/v2\/product_tag?post=20983"}],"curies":[{"name":"wp","href":"https:\/\/api.w.org\/{rel}","templated":true}]}}