{"id":21062,"date":"2015-11-02T14:04:28","date_gmt":"2015-11-02T13:04:28","guid":{"rendered":"http:\/\/www.xclean.at\/portal\/?post_type=product&#038;p=21062"},"modified":"2019-11-24T13:52:50","modified_gmt":"2019-11-24T12:52:50","slug":"ultra-wax-plus-2","status":"publish","type":"product","link":"https:\/\/www.xclean.at\/portal\/produkt\/ultra-wax-plus-2\/","title":{"rendered":"Ultra Wax Plus"},"content":{"rendered":"<p>Ultra Wax Plus ist ein fl\u00fcssiges Hartwachs mit Carnaubawachs ohne Schleifmittel als High-End Wachsversiegelung f\u00fcr neue und vorpolierte Normal- und Metalliclacke. Sorgt f\u00fcr brillanten Tiefenglanz und kr\u00e4ftige Farben, ebenso f\u00fcr eine dauerhafte Langzeitversiegelung und erzeugt einen extremen Wasser-Abperl-Effekt. Es entsteht ein perfektes Lackfinish, das auch nach vielen W\u00e4schen noch anh\u00e4lt, da der Lack optimal versiegelt wurde.<\/p>\n","protected":false},"excerpt":{"rendered":"<p>Ultra Wax Plus ist ein fl\u00fcssiges Hartwachs mit Carnaubawachs ohne Schleifmittel als High-End Wachsversiegelung f\u00fcr neue und vorpolierte Normal- und Metalliclacke.<\/p>\n","protected":false},"featured_media":133097,"comment_status":"open","ping_status":"closed","template":"","meta":{"_exactmetrics_skip_tracking":false,"_exactmetrics_sitenote_active":false,"_exactmetrics_sitenote_note":"","_exactmetrics_sitenote_category":0},"product_brand":[],"product_cat":[50],"product_tag":[],"class_list":{"0":"post-21062","1":"product","2":"type-product","3":"status-publish","4":"has-post-thumbnail","6":"product_cat-lackpflege","8":"first","9":"instock","10":"shipping-taxable","11":"purchasable","12":"product-type-variable"},"_links":{"self":[{"href":"https:\/\/www.xclean.at\/portal\/wp-json\/wp\/v2\/product\/21062"}],"collection":[{"href":"https:\/\/www.xclean.at\/portal\/wp-json\/wp\/v2\/product"}],"about":[{"href":"https:\/\/www.xclean.at\/portal\/wp-json\/wp\/v2\/types\/product"}],"replies":[{"embeddable":true,"href":"https:\/\/www.xclean.at\/portal\/wp-json\/wp\/v2\/comments?post=21062"}],"wp:featuredmedia":[{"embeddable":true,"href":"https:\/\/www.xclean.at\/portal\/wp-json\/wp\/v2\/media\/133097"}],"wp:attachment":[{"href":"https:\/\/www.xclean.at\/portal\/wp-json\/wp\/v2\/media?parent=21062"}],"wp:term":[{"taxonomy":"product_brand","embeddable":true,"href":"https:\/\/www.xclean.at\/portal\/wp-json\/wp\/v2\/product_brand?post=21062"},{"taxonomy":"product_cat","embeddable":true,"href":"https:\/\/www.xclean.at\/portal\/wp-json\/wp\/v2\/product_cat?post=21062"},{"taxonomy":"product_tag","embeddable":true,"href":"https:\/\/www.xclean.at\/portal\/wp-json\/wp\/v2\/product_tag?post=21062"}],"curies":[{"name":"wp","href":"https:\/\/api.w.org\/{rel}","templated":true}]}}