{"id":21087,"date":"2015-11-02T06:40:38","date_gmt":"2015-11-02T05:40:38","guid":{"rendered":"http:\/\/www.xclean.at\/portal\/?post_type=product&#038;p=21087"},"modified":"2020-02-03T14:49:40","modified_gmt":"2020-02-03T13:49:40","slug":"geruchskiller-carfresh","status":"publish","type":"product","link":"https:\/\/www.xclean.at\/portal\/produkt\/geruchskiller-carfresh\/","title":{"rendered":"Geruchskiller &#8211; CARFRESH"},"content":{"rendered":"<p>Hochwirksamer Geruchsneutralisierer, neutralisiert und beseitigt schnell, zuverl\u00e4ssig und dauerhaft st\u00f6rende Ger\u00fcche wie Zigarettenrauch, Tierger\u00fcche, Schwei\u00df, uvm. Befreit Textilien wie z.B. Polster, Gardinen, Stoffe, Schuhe, Teppiche und Kleider von unangenehmen Ger\u00fcchen. Mit angenehmen Frischeduft . Ideal f\u00fcr Auto, Textilien, Haushalt, Boot, Sport uvm.<\/p>\n","protected":false},"excerpt":{"rendered":"<p>Hochwirksamer Geruchsneutralisierer, neutralisiert und beseitigt schnell, zuverl\u00e4ssig und dauerhaft st\u00f6rende Ger\u00fcche wie Zigarettenrauch, Tierger\u00fcche, Schwei\u00df, uvm.<\/p>\n","protected":false},"featured_media":132030,"comment_status":"open","ping_status":"closed","template":"","meta":{"_exactmetrics_skip_tracking":false,"_exactmetrics_sitenote_active":false,"_exactmetrics_sitenote_note":"","_exactmetrics_sitenote_category":0},"product_brand":[],"product_cat":[130,51],"product_tag":[],"class_list":{"0":"post-21087","1":"product","2":"type-product","3":"status-publish","4":"has-post-thumbnail","6":"product_cat-autoparfum","7":"product_cat-innenreinigung","9":"first","10":"instock","11":"shipping-taxable","12":"purchasable","13":"product-type-simple"},"_links":{"self":[{"href":"https:\/\/www.xclean.at\/portal\/wp-json\/wp\/v2\/product\/21087"}],"collection":[{"href":"https:\/\/www.xclean.at\/portal\/wp-json\/wp\/v2\/product"}],"about":[{"href":"https:\/\/www.xclean.at\/portal\/wp-json\/wp\/v2\/types\/product"}],"replies":[{"embeddable":true,"href":"https:\/\/www.xclean.at\/portal\/wp-json\/wp\/v2\/comments?post=21087"}],"wp:featuredmedia":[{"embeddable":true,"href":"https:\/\/www.xclean.at\/portal\/wp-json\/wp\/v2\/media\/132030"}],"wp:attachment":[{"href":"https:\/\/www.xclean.at\/portal\/wp-json\/wp\/v2\/media?parent=21087"}],"wp:term":[{"taxonomy":"product_brand","embeddable":true,"href":"https:\/\/www.xclean.at\/portal\/wp-json\/wp\/v2\/product_brand?post=21087"},{"taxonomy":"product_cat","embeddable":true,"href":"https:\/\/www.xclean.at\/portal\/wp-json\/wp\/v2\/product_cat?post=21087"},{"taxonomy":"product_tag","embeddable":true,"href":"https:\/\/www.xclean.at\/portal\/wp-json\/wp\/v2\/product_tag?post=21087"}],"curies":[{"name":"wp","href":"https:\/\/api.w.org\/{rel}","templated":true}]}}