{"id":21154,"date":"2015-11-02T16:52:16","date_gmt":"2015-11-02T15:52:16","guid":{"rendered":"http:\/\/www.xclean.at\/portal\/?post_type=product&#038;p=21154"},"modified":"2020-01-08T11:40:33","modified_gmt":"2020-01-08T10:40:33","slug":"autoschwamm-2","status":"publish","type":"product","link":"https:\/\/www.xclean.at\/portal\/produkt\/autoschwamm-2\/","title":{"rendered":"Autoschwamm"},"content":{"rendered":"<p>Strapazierf\u00e4higer Qualit\u00e4tsautoschwamm. Dauerhaft , handlich und glanztrocknend. Unempfindlich gegen schwache S\u00e4uren und Laugen. Durch h\u00f6chstm\u00f6gliche Wasseraufnahme und kratzfreie Softporen wird auch ein empfindlicher Lack geschont. Umweltgerecht. Enth\u00e4lt kein FCKW.<\/p>\n","protected":false},"excerpt":{"rendered":"<p>Strapazierf\u00e4higer Qualit\u00e4tsautoschwamm. Dauerhaft , handlich und glanztrocknend.<\/p>\n","protected":false},"featured_media":133251,"comment_status":"open","ping_status":"closed","template":"","meta":{"_exactmetrics_skip_tracking":false,"_exactmetrics_sitenote_active":false,"_exactmetrics_sitenote_note":"","_exactmetrics_sitenote_category":0},"product_brand":[],"product_cat":[54],"product_tag":[],"class_list":{"0":"post-21154","1":"product","2":"type-product","3":"status-publish","4":"has-post-thumbnail","6":"product_cat-waschhilfsmittel-tuecher","8":"first","9":"instock","10":"shipping-taxable","11":"purchasable","12":"product-type-simple"},"_links":{"self":[{"href":"https:\/\/www.xclean.at\/portal\/wp-json\/wp\/v2\/product\/21154"}],"collection":[{"href":"https:\/\/www.xclean.at\/portal\/wp-json\/wp\/v2\/product"}],"about":[{"href":"https:\/\/www.xclean.at\/portal\/wp-json\/wp\/v2\/types\/product"}],"replies":[{"embeddable":true,"href":"https:\/\/www.xclean.at\/portal\/wp-json\/wp\/v2\/comments?post=21154"}],"wp:featuredmedia":[{"embeddable":true,"href":"https:\/\/www.xclean.at\/portal\/wp-json\/wp\/v2\/media\/133251"}],"wp:attachment":[{"href":"https:\/\/www.xclean.at\/portal\/wp-json\/wp\/v2\/media?parent=21154"}],"wp:term":[{"taxonomy":"product_brand","embeddable":true,"href":"https:\/\/www.xclean.at\/portal\/wp-json\/wp\/v2\/product_brand?post=21154"},{"taxonomy":"product_cat","embeddable":true,"href":"https:\/\/www.xclean.at\/portal\/wp-json\/wp\/v2\/product_cat?post=21154"},{"taxonomy":"product_tag","embeddable":true,"href":"https:\/\/www.xclean.at\/portal\/wp-json\/wp\/v2\/product_tag?post=21154"}],"curies":[{"name":"wp","href":"https:\/\/api.w.org\/{rel}","templated":true}]}}